6)/(-9) - (-1)/(-9). What is the highest common divisor of 25 and q?
25
Let n = -461 + 485. Calculate the highest common factor of n and 24.
24
Let f = 1 - -82. Let h = -76 + f. Calculate the highest common divisor of 21 and h.
7
Let v(u) = -u**2 - 11*u + 106. Let t be v(-14). Let d(f) = -f**3 + 8*f**2 - 4*f - 5. Let y be d(7). What is the highest common factor of y and t?
16
Let d be 530/12 + 210/60*(-1)/21. Let r be 11 + (0 - -1 - 1). What is the greatest common divisor of r and d?
11
Let o be 22/77 + (-38)/(-14). Suppose -o*a + 102 = -a. What is the highest common factor of 51 and a?
51
Let o = -126 - -160. What is the greatest common factor of o and 850?
34
Suppose 0 = -8*o - 54 - 138. Let i be o/9*(-23 - -3 - -2). Let l(w) = 17*w - 1. Let u be l(1). Calculate the highest common factor of u and i.
16
Let l be (-13552)/(-16) - (-4 - -1). What is the greatest common factor of l and 50?
50
Suppose -2*s + 59 - 53 = 0. Suppose 0 = s*w - 160 + 25. Calculate the highest common divisor of w and 18.
9
Suppose -2*l + 6*l - 16 = 0. Let i = 52 - l. What is the greatest common divisor of i and 12?
12
Suppose 0 = 31*m - 35*m + 232. What is the greatest common factor of 29 and m?
29
Let y(q) = 12*q + 6. Let i be y(4). What is the highest common divisor of 297 and i?
27
Let b(v) = -7 - 2*v**2 + 11*v + 0 + v**2. Let w be b(10). Let t be (-3)/(6/(-154)) + w. Calculate the highest common factor of 20 and t.
20
Suppose 3*z = 5*p - 106, 5*p - 13 = -2*z + 83. Calculate the highest common divisor of p and 12.
4
Let i be (-15)/(-25) - (-261)/15. Let f(x) = -x**3 + 10*x**2 - 10*x + 45. Let m be f(9). What is the highest common divisor of m and i?
18
Let b = 15 - 10. Suppose 3*y = 2*f - 201, -b*f - 2*y = -0*y - 493. What is the greatest common divisor of 11 and f?
11
Let i be 0 + -1 - (4 - 51). What is the greatest common factor of 414 and i?
46
Suppose -4*i - 2*m + 10 = 0, 3*m = 4*i + i - 7. Suppose b - c = 7, -5*b + 31 + 19 = -i*c. What is the greatest common divisor of b and 84?
12
Let g(p) = p**2 + 20*p + 63. Let f be g(-19). Calculate the greatest common factor of f and 1276.
44
Let c = 16 - 6. Suppose 4*d = 2*i + 22, -d - i + 2 = 1. Let p = d + c. Calculate the greatest common divisor of 35 and p.
7
Let h(t) = t**3 + 10*t**2 - 2*t - 31. Let y be h(-9). Calculate the greatest common divisor of y and 102.
34
Let a = 24 + 46. Calculate the greatest common factor of 20 and a.
10
Suppose -6*t + 44 = 2. Suppose 3*h + 19 = 5*p, -t*p + 3*p = -4*h - 20. Calculate the greatest common divisor of p and 2.
2
Let j be 18138/18 + 2*(-2)/(-12). What is the greatest common factor of 14 and j?
14
Let q be (1 - 2/(-4))/((-342)/(-11400)). Calculate the highest common divisor of 350 and q.
50
Let v(r) = r**2 - 5*r + 23. Let o be v(4). What is the greatest common divisor of 589 and o?
19
Let w(v) = -3*v**3 + v**2 + 3*v + 2. Let z = 12 + -9. Suppose -4*i - z = 5. Let q be w(i). What is the highest common factor of q and 216?
24
Suppose -8*r + 470 = -3*r. What is the greatest common divisor of r and 517?
47
Suppose -4*d = -3*y - 144, -2*d + 41 = 2*y - 17. Let g = d + -21. What is the greatest common divisor of g and 60?
12
Suppose 43*o - 1704 = 35*o. Calculate the highest common factor of 142 and o.
71
Suppose 71*z + 16 = 73*z. Calculate the greatest common divisor of 224 and z.
8
Let h be (2/(-5))/(1/(-385)). Let z(i) = -13*i - 82. Let s be ((-24)/9)/(4/12). Let l be z(s). Calculate the highest common factor of l and h.
22
Let v be 21/56 + 0 + 111/24. Let b(o) = 10*o - 4. Let w be b(6). Suppose -v*h - s - 2*s + w = 0, -5*h + 52 = s. What is the greatest common factor of 2 and h?
2
Let y be ((-20)/15)/((-4)/126). Suppose 2 = w + z, 4*w - 5*z - 71 = -27. Calculate the greatest common factor of y and w.
6
Let g = 3 - -4. Suppose 4 = h + 2*o - g, -h - 5*o - 1 = 0. Let b be (-12)/(-10)*950/20. Calculate the greatest common divisor of h and b.
19
Let r be ((-4)/(-14))/(5/7)*5. Suppose -30 = -3*j + 2*i, -5*j = i - 17 - 20. What is the greatest common factor of j and r?
2
Let c(r) = 2*r**2 - 5*r - 3. Let i be c(4). Suppose -j + v = 3*v + 90, 2*j + 2*v = -176. Let s = j - -122. What is the greatest common factor of i and s?
9
Suppose 0 = 5*p - 2*o - 488, 25 - 226 = -2*p - 5*o. What is the highest common divisor of 42 and p?
14
Suppose 6*t - 2*t = -4*o + 8, 2*t = 4*o + 4. Suppose t*r - 2*m + 6*m - 26 = 0, -3*m = 2*r - 24. What is the greatest common factor of 9 and r?
9
Suppose 0 = -f + q + 2 - 0, 4*q = -5*f + 28. Suppose -f*t + 53 + 11 = 0. Calculate the greatest common factor of t and 1.
1
Suppose 150 = -15*c + 30*c. Calculate the highest common divisor of c and 22.
2
Suppose 13*w = 10*w + 570. Let n = -1 - -3. Suppose n*p = -0*p + 38. Calculate the highest common factor of w and p.
19
Let m = -27 + 32. Let n(z) = 3*z**2 + 26*z - 4. Let i be n(-9). Calculate the highest common factor of m and i.
5
Suppose -2*j - 338 = -598. Calculate the highest common divisor of 26 and j.
26
Let u = -150 + 350. Calculate the greatest common factor of u and 8.
8
Let v(f) = -f**3 - 3*f**2 - f - 6. Let x be 2 + -2 + (1 - 5). Let s be v(x). Calculate the greatest common divisor of s and 2.
2
Let s be (-1)/5 - 213/(-45)*3. What is the greatest common divisor of 35 and s?
7
Let x = 24 - -56. Suppose 5*c - 85 = x. Let r be ((-37)/2 + 2)*4/(-3). What is the highest common divisor of r and c?
11
Let c(r) = 3*r**2 + 7*r + 5. Let v be ((-4)/(-6))/(-5 + 292/60). Let n be c(v). Let g(l) = 5*l. Let o be g(1). What is the highest common divisor of n and o?
5
Let z(r) = r**3 - 3*r. Let s be z(-3). Suppose -3*t + 2*p = 63 - 164, 0 = t - 4*p - 37. Let l = s + t. Calculate the greatest common divisor of 165 and l.
15
Suppose -7*q = -9 - 5. Suppose -3*d = q*d - 90. Let u(o) = 10*o**2 - o - 2. Let y be u(-4). What is the greatest common divisor of y and d?
18
Let l be 2 - (-36)/(1 - -3). Suppose -p - 5*n = -48, 4*n = 2*p + l - 107. What is the greatest common divisor of 120 and p?
24
Let k(r) = r**3 - 33*r**2 - 34*r + 5. Let t be k(34). What is the greatest common factor of t and 5?
5
Let z(y) = 3*y**3 - 5*y**2 + 2*y + 5. Let b be z(4). Suppose -2*i - 3*i = -b. What is the greatest common divisor of 10 and i?
5
Let t = -386 - -1040. Calculate the highest common factor of t and 6.
6
Let u be 129/45 + (-20)/(-150). Suppose -5*m - u*j = -75, -5*j = -m - 0*j + 43. Calculate the highest common divisor of 144 and m.
18
Suppose 4*g = 189 + 11. Let a be 22*2/33 - (-884)/12. What is the greatest common divisor of a and g?
25
Let z be 15/2*256/12. Suppose 3*d = 7*d - z. Let h(i) = -i**2 + 11*i - 8. Let r be h(9). What is the greatest common divisor of r and d?
10
Suppose 62 = -9*k + 116. Suppose -180 = -3*c + 5*w + 44, -c + 84 = 3*w. Calculate the greatest common factor of c and k.
6
Let x be 1*-4*(-250)/8. Suppose -4*l + 107 = -x. Suppose 6*t - 54 = -3*s + 3*t, -3*s = t - l. Calculate the highest common divisor of 220 and s.
20
Let a(t) = -4*t - 32. Let u be a(-10). What is the greatest common divisor of 88 and u?
8
Suppose -3*m + 0*m = 5*i - 31, 2*i = 5*m. Let s = 3 + i. Suppose 4*z = 2*z + 32. Calculate the highest common factor of s and z.
8
Let r be (2 - 18)/(-6 + 7). Let x(o) = -o**2 - 16*o + 24. Let l be x(r). Calculate the highest common factor of l and 6.
6
Let u be 120 - 0 - (-28 - -28). What is the highest common divisor of u and 150?
30
Let f be 917/9 - ((-426)/(-54) + -8). Calculate the highest common divisor of f and 78.
6
Suppose -24*l + 144 = -96. What is the greatest common factor of l and 565?
5
Suppose 5*q - 19 - 106 = 0. Suppose 155 = 5*h - q. Calculate the greatest common factor of 4 and h.
4
Suppose -12 - 6 = -3*t. Let m be 3*(-2)/t - -1. Suppose -7*r + 1274 = -m*r. Calculate the highest common divisor of 26 and r.
26
Suppose -3*j = k - 195, 4*j - j - 2*k = 186. Suppose -13 = 3*a - j. Calculate the highest common divisor of 153 and a.
17
Suppose 4*m = -2*q - 0*m + 90, -4*q + 5*m = -180. What is the highest common divisor of q and 120?
15
Let v = -596 + 965. What is the greatest common factor of 41 and v?
41
Let w(m) = -m + 8. Let y be w(7). Let c be y*(-1 + 0) + 17. Calculate the greatest common factor of c and 4.
4
Let d(z) = z**3 + 11*z**2 - 13*z - 28. Let w be d(-11). Suppose 5*t + 5*a = 130, 2*t = -5*a + 